2
Suppose 0 = 6*w - 4*w - 10. Suppose 3*b - 5 = 5*h, w*h - 1 = 9. Calculate the greatest common divisor of b and 25.
5
Suppose 4*a = 2*h - 5*h - 7, -3*a + 11 = -h. Let g be -98 - (5 + -2 + h). Let k be (6/(-4))/(4/g). What is the greatest common divisor of 12 and k?
12
Let j(b) = 9*b - 30. Let r(o) = o**3 + 16*o**2 + 16*o + 26. Let a be r(-15). Let w be j(a). What is the highest common factor of 23 and w?
23
Suppose 21*l - 25 = 16*l. Suppose -l*f - 28 = -103. What is the highest common divisor of f and 3?
3
Let y = -91 - -155. Let z be (3/(-6) - -3)*(0 + y). Calculate the highest common divisor of 16 and z.
16
Let p = -441 + 412. Suppose 4*k - 16 = 0, 2*j + 2*k = 3*j - 50. Let a = p + j. What is the greatest common divisor of 58 and a?
29
Let g(v) = v + 98. Let j be g(0). Let x = j + -64. Calculate the greatest common factor of x and 51.
17
Let o(v) = 18*v**3 - 6*v**2 + 8*v + 3. Let s be o(3). Calculate the greatest common divisor of s and 27.
27
Suppose 0 = 3*k - 0*f + 3*f - 15, 2*f - 4 = 0. Suppose 88 = -4*b + 8*b. Let o = -7 + b. Calculate the greatest common divisor of o and k.
3
Let z be ((-30)/1)/((5 + -1)/(-4)). Let j be 8*(-2)/4*-3. Calculate the greatest common divisor of z and j.
6
Let s be 2/(-5) + 132/55. Suppose 0 = -s*h + 5*c + 132, 23 = 4*h + 5*c - 181. Calculate the greatest common divisor of h and 8.
8
Let q = 117 + -27. What is the highest common divisor of 1665 and q?
45
Suppose 3*g - 23 = 16. Let k(o) = o**3 - 14*o**2 + 12*o + 17. Let z be k(g). What is the highest common divisor of z and 28?
4
Let m(r) = 22*r**2 + 2*r - 2. Suppose -4*b + l = -2*l + 7, b + 3 = l. Let s be m(b). Suppose 44*i - 43*i - 18 = 0. What is the highest common factor of s and i?
18
Suppose 3*p + 3*s = 37 + 23, 4*p - 75 = -5*s. Let i be (-2863)/4 - (-2)/(-8). Let d be i/(-10) + 10/p. What is the greatest common factor of 9 and d?
9
Let k(p) = 16*p - 78. Let m be k(8). Let z be (-12)/54 - (-92)/9. What is the greatest common factor of z and m?
10
Suppose -15*y - 4552 = y - 4808. Let p be 164/10 - 4/10. What is the greatest common divisor of p and y?
16
Let x = 45 + -86. Let i = x - -84. What is the greatest common factor of i and 129?
43
Let j(y) = -y**3 + 9*y**2 + 13*y - 8. Let v be j(10). Let f be (-2 - v)*9/(-4). What is the greatest common factor of 6 and f?
6
Let p(y) = y**2 - y + 6. Let f be p(3). Let m be (f/(-1))/(-3) + 56. What is the greatest common divisor of 24 and m?
12
Let l(d) = 19*d + 2. Let o be l(2). Let w be 5/10*(-6 - -16 - -550). Calculate the highest common factor of w and o.
40
Let b be -3 - (-15 + (-50)/(-5)). Calculate the highest common divisor of b and 94.
2
Let a = -12 + 14. Let y be 3 - 2 - (a + -3). Suppose -l = 5*d - 2*d - y, 18 = 3*l - 3*d. Calculate the greatest common factor of 40 and l.
5
Suppose 6*r + 410 = 4*r. Let k = -70 - r. What is the greatest common factor of 15 and k?
15
Suppose -17*q + 330 = -12*q. Suppose 7*i = 130 + q. Calculate the highest common factor of i and 140.
28
Let l(d) = -28*d - 7. Let a be l(-10). Suppose 3*c + 2*y + y - a = 0, -15 = 3*y. Calculate the highest common factor of c and 8.
8
Let a = -55 + 55. Suppose -s + a*s = 5*q + 6, 0 = -2*q - 6. Calculate the greatest common factor of 9 and s.
9
Let d be (15/(-6))/((-1)/6). Suppose -a + 96 = 5*r + a, a + 69 = 4*r. Suppose -8*s = -22 - r. What is the highest common factor of s and d?
5
Suppose -3 = -2*d + 51. Calculate the highest common divisor of 99 and d.
9
Suppose 0 = -p + 27 + 29. Suppose -t + 76 = -0*i - 2*i, 0 = t + 2*i - 92. What is the highest common factor of p and t?
28
Let h(s) = s**2 + 21. Let r = 17 + -18. Let j be 2 - (-3 - (-4 + r)). Let b be h(j). Calculate the greatest common divisor of 63 and b.
21
Let q(d) = -11*d - 13. Let r be q(-6). What is the greatest common factor of 265 and r?
53
Let h be (7/(-4))/(-7 + (-1757)/(-252)). What is the highest common factor of h and 7?
7
Suppose 5*m + 1960 = 5*b, 2*b + 5*m - 567 = 203. Calculate the greatest common divisor of 156 and b.
78
Let f(h) = h**2 - 5*h - 145. Let u be f(19). What is the highest common divisor of u and 88?
11
Let x be 2/(-2 - (-2176)/1080). What is the highest common factor of 297 and x?
27
Let g = 112 + -229. Let f = g - -142. Calculate the highest common factor of 200 and f.
25
Suppose 3*o - 80 = o. Suppose -4*i = -4*u - 68, 4*i - 3*u = -0*i + 68. Let g = i - 9. Calculate the greatest common factor of o and g.
8
Let j = -22 + 84. Suppose 0 = c + 49 - j. What is the highest common factor of c and 104?
13
Let w be 101 - 3 - 40/10. What is the highest common factor of 1 and w?
1
Let o be (-8)/(-12)*(-32 + -1). Let h = 60 + o. What is the greatest common divisor of h and 19?
19
Let f = 23 + -15. Suppose -4*o + 56 = f. Let d = 13 - o. What is the greatest common factor of 3 and d?
1
Let i be 3/(9/21) - 4. Suppose -4*h = 3*n - 268, -i*n + 2*h + 263 = h. What is the highest common divisor of n and 11?
11
Suppose 4*c = 16*c - 900. What is the greatest common divisor of 375 and c?
75
Suppose -49*v + 14448 = -6*v. What is the highest common factor of 189 and v?
21
Let a(j) = -23 - 3*j + 4 - 7*j + 7*j. Let g be a(-23). What is the highest common factor of 25 and g?
25
Let p be ((-1308)/3)/((-8)/4*1). Suppose 3*a + a = -y + p, -4*a + 1010 = 5*y. What is the greatest common divisor of y and 18?
18
Suppose q = 5*z - 3*q - 31, -16 = 4*q. Let c be (23 - -7) + (-4)/2. Let t = c - z. Calculate the greatest common factor of t and 5.
5
Let a be (0 - -1)/((-1)/(-31)). Suppose 0 = 3*r - 2*r + a. Let c = -3 - r. Calculate the greatest common factor of c and 42.
14
Suppose -2*l = -0*l - t - 29, -2*t = 5*l - 77. Let x be ((-8)/6)/(5/l). Let d be 16/6*(-15)/x. What is the greatest common factor of 4 and d?
2
Suppose 0 = 3*t + 280 - 763. Calculate the greatest common factor of 7 and t.
7
Suppose -4*o + 206 = l, o + 842 = 4*l - o. Calculate the greatest common factor of l and 30.
30
Let u be (1 + (-5 - 2))/(42/(-63)). Suppose 398 + 412 = u*z. Calculate the highest common factor of 15 and z.
15
Let f be ((-126)/98)/(6/(-28)). Calculate the greatest common factor of f and 49.
1
Suppose 399*a - 394*a - 50 = 0. What is the greatest common factor of 100 and a?
10
Let z(j) = 8*j**2 - 23*j + 10. Let w be z(8). Calculate the greatest common factor of 52 and w.
26
Suppose 0 = 7*w - 311 + 52. Suppose -36*j = -w*j + 18. Calculate the highest common factor of 6 and j.
6
Let c = 10 + -4. Suppose c - 26 = -4*u. Let y(x) = x**3 + 6*x**2 - 7*x + 5. Let j be y(-7). Calculate the highest common factor of j and u.
5
Let u be (-4)/1 - (-14 + (-14 - 14)). Suppose 5*o = -4*f + 3*o + 532, 5*f - 678 = 4*o. Let p = f + -77. Calculate the greatest common factor of p and u.
19
Let y be 6 + 13/((-78)/36) - -80. Calculate the highest common factor of 100 and y.
20
Let x = 88 + -51. Let s = x - 19. Calculate the greatest common divisor of s and 126.
18
Let c be (-550)/(-6) + (-6)/(-18). What is the greatest common factor of c and 322?
46
Suppose 2*t + 255 = 2*g + 105, -3*t + 175 = 2*g. Let d be 323/57 + (-4)/6. Calculate the greatest common divisor of g and d.
5
Suppose -i = -h - 34, -4*i - i + 2*h = -170. Let s = i - 16. Calculate the highest common divisor of 72 and s.
18
Let a be 4*1/(-2) + 5. Suppose 0 = a*z + z - 352. What is the highest common divisor of z and 8?
8
Let t(z) = 12*z**3 - 5*z**2 - z - 12. Let d be t(4). Suppose -3*m = 3*m - d. What is the greatest common divisor of m and 14?
14
Suppose 0 = t + 4*t + 5, -t + 176 = 3*r. Suppose d + 5*n = r, -n = 2 - 3. What is the highest common divisor of 6 and d?
6
Suppose -3*a - 15 = 0, 2*y + 0*a - 347 = -a. What is the greatest common factor of 11 and y?
11
Let z = 49 + -24. Suppose -7 + z = 3*t. Let l(f) = -f. Let o be l(-4). What is the highest common divisor of o and t?
2
Let j be ((-2)/(-3))/(30/(-135)). Let m be ((-3)/(-1))/(j/(-13)). Calculate the greatest common divisor of 52 and m.
13
Let o be (27/(-4))/((-4 - 3)/(-28)). Let j = 142 + o. Suppose -2*r = 2*r - 92. What is the greatest common divisor of j and r?
23
Let r = 1702 + -2446. Let b be (r/20)/((-1)/5). Suppose 2*m = -3*u + b, u = -2*m - 0 + 58. Calculate the greatest common divisor of u and 8.
8
Let j(o) = -o + o + 46 + o. Let i be j(-14). What is the highest common factor of i and 192?
32
Supp